{"id":157,"date":"2024-12-19T17:34:35","date_gmt":"2024-12-19T17:34:35","guid":{"rendered":"https:\/\/www.hidropaisagem.pt\/hidropaisagem\/?page_id=157"},"modified":"2025-02-07T10:16:02","modified_gmt":"2025-02-07T10:16:02","slug":"politica-de-privacidade","status":"publish","type":"page","link":"https:\/\/www.hidropaisagem.pt\/hidropaisagem\/politica-de-privacidade\/","title":{"rendered":"Pol\u00edtica de Privacidade"},"content":{"rendered":"\t\t<div data-elementor-type=\"wp-page\" data-elementor-id=\"157\" class=\"elementor elementor-157\" data-elementor-post-type=\"page\">\n\t\t\t\t<div class=\"elementor-element elementor-element-4ad2d62 e-con-full e-flex e-con e-parent\" data-id=\"4ad2d62\" data-element_type=\"container\">\n\t\t\t\t<div class=\"elementor-element elementor-element-67f7564 elementor-widget elementor-widget-template\" data-id=\"67f7564\" data-element_type=\"widget\" data-widget_type=\"template.default\">\n\t\t\t\t<div class=\"elementor-widget-container\">\n\t\t\t\t\t\t\t<div class=\"elementor-template\">\n\t\t\t\t\t<div data-elementor-type=\"section\" data-elementor-id=\"103\" class=\"elementor elementor-103\" data-elementor-post-type=\"elementor_library\">\n\t\t\t<div class=\"elementor-element elementor-element-ec49e25 e-flex e-con-boxed e-con e-parent\" data-id=\"ec49e25\" data-element_type=\"container\" data-settings=\"{&quot;background_background&quot;:&quot;classic&quot;}\">\n\t\t\t\t\t<div class=\"e-con-inner\">\n\t\t\t\t<div class=\"elementor-element elementor-element-5059ca2 elementor-widget elementor-widget-heading\" data-id=\"5059ca2\" data-element_type=\"widget\" data-widget_type=\"heading.default\">\n\t\t\t\t<div class=\"elementor-widget-container\">\n\t\t\t\t\t<h2 class=\"elementor-heading-title elementor-size-default\">Pol\u00edtica de Privacidade<\/h2>\t\t\t\t<\/div>\n\t\t\t\t<\/div>\n\t\t\t\t<div class=\"elementor-element elementor-element-7506c73 elementor-widget elementor-widget-breadcrumbs\" data-id=\"7506c73\" data-element_type=\"widget\" data-widget_type=\"breadcrumbs.default\">\n\t\t\t\t<div class=\"elementor-widget-container\">\n\t\t\t\t\t<p id=\"breadcrumbs\"><span><span><a href=\"https:\/\/www.hidropaisagem.pt\/hidropaisagem\/\">In\u00edcio<\/a><\/span><\/span><\/p>\t\t\t\t<\/div>\n\t\t\t\t<\/div>\n\t\t\t\t\t<\/div>\n\t\t\t\t<\/div>\n\t\t\t\t<\/div>\n\t\t\t\t<\/div>\n\t\t\t\t\t\t<\/div>\n\t\t\t\t<\/div>\n\t\t\t\t<\/div>\n\t\t<div class=\"elementor-element elementor-element-1b207e6 e-flex e-con-boxed e-con e-parent\" data-id=\"1b207e6\" data-element_type=\"container\">\n\t\t\t\t\t<div class=\"e-con-inner\">\n\t\t\t\t<div class=\"elementor-element elementor-element-563255f custom-aa elementor-widget elementor-widget-text-editor\" data-id=\"563255f\" data-element_type=\"widget\" data-widget_type=\"text-editor.default\">\n\t\t\t\t<div class=\"elementor-widget-container\">\n\t\t\t\t\t\t\t\t\t<p>Por favor leia com aten\u00e7\u00e3o a nossa Pol\u00edtica de Cookies e Politica de Privacidade.<br \/>Caso n\u00e3o concorde com a mesma n\u00e3o dever\u00e1 usar o presente Website.<\/p><p>A presente Pol\u00edtica de Cookies e Pol\u00edtica de Privacidade enuncia as formas de recolha e utiliza\u00e7\u00e3o dos dados pessoais, assim como as medidas de salvaguarda e seguran\u00e7a adotadas no tratamento dos mesmos.<\/p><p>A HIDROPAISAGEM \u2013 ESPA\u00c7OS VERDES, LDA em nome de Ana Cristina de Sousa Oliva Fernandes da Fonseca e de Crist\u00f3v\u00e3o dos Santos David, NIF 504905899 daqui em diante designada HIDROPAISAGEM, LDA, reconhece a import\u00e2ncia da privacidade. Nunca venderemos a sua informa\u00e7\u00e3o para terceiros, sejam eles particulares ou empresas.<br \/>O website <a href=\"https:\/\/www.hidropaisagem.pt\/\">https:\/\/www.hidropaisagem.pt<\/a> \u00e9 propriedade da HIDROPAISAGEM, LDA com sede em ESTRADA NACIONAL N\u00ba 18, 3A 6230-028 FUND\u00c3O.<\/p><p>POL\u00cdTICA DE COOKIES<\/p><p>A HIDROPAISAGEM, LDA utiliza cookies que ajudam a oferecer-lhe um melhor servi\u00e7o e experi\u00eancia como utilizador do nosso site. Ao navegar no nosso site concorda com a utiliza\u00e7\u00e3o de cookies.<br \/>Para garantir que o nosso site apresenta uma boa experi\u00eancia de navega\u00e7\u00e3o para os visitantes e disponibilizar um servi\u00e7o mais personalizado, o nosso servidor utiliza cookies (pequenos ficheiros informativos) para recolher e guardar informa\u00e7\u00e3o.<br \/>Caso pretenda, poder\u00e1 desativar esta configura\u00e7\u00e3o no seu navegador, com preju\u00edzo de limitar acesso a determinadas \u00e1reas do site ou de receber informa\u00e7\u00e3o personalizada.<br \/>A utiliza\u00e7\u00e3o de cookies \u00e9 uma pr\u00e1tica corrente na generalidade dos sites com o objetivo de poupar tempo ao utilizador e facilitar a navega\u00e7\u00e3o.<br \/>A HIDROPAISAGEM, LDA poder\u00e1 utilizar cookies com a finalidade de recolher informa\u00e7\u00e3o durante a sua visita ao site, tais como as zonas que visita e as atividades em que participa. Estes ficheiros s\u00e3o usados para evitar que o visitante tenha de introduzir repetidamente a sua informa\u00e7\u00e3o pessoal, facilitar a navega\u00e7\u00e3o e a personaliza\u00e7\u00e3o do servi\u00e7o. Os cookies poder\u00e3o ser utilizados para ajudar nas suas utiliza\u00e7\u00f5es futuras na aplica\u00e7\u00e3o. Uma vez que o computador consegue identificar a informa\u00e7\u00e3o pessoal que j\u00e1 foi disponibilizada, n\u00e3o lhe ser\u00e1 pedida novamente informa\u00e7\u00e3o j\u00e1 anteriormente disponibilizada.<br \/>O utilizador pode aceitar ou eliminar os cookies. A maioria dos navegadores ou aplica\u00e7\u00f5es de navega\u00e7\u00e3o na Internet aceita cookies automaticamente. Caso o utilizador n\u00e3o pretenda utilizar cookies dever\u00e1 alterar as defini\u00e7\u00f5es do seu navegador relativamente \u00e0 aceita\u00e7\u00e3o ou n\u00e3o de cookies.<\/p><p><div id=\"cmplz-cookies-overview\"><details class=\"cmplz-dropdown cmplz-service-desc cmplz-dropdown-cookiepolicy \">\n\t<summary class=\"cmplz-service-header\"><div>\n\t\t<h3>WordPress<\/h3>\n\t\t<p>Funcional<\/p>\n\t\t<label for=\"cmplz_service_wordpress\" class=\"cmplz_consent_per_service_label\"><span class=\"screen-reader-text\">Consent to service wordpress<\/span><\/label>\n\t\t<input type=\"checkbox\" id=\"cmplz_service_wordpress\" class=\"cmplz-accept-service cmplz-hidden\" data-service=\"wordpress\" data-category=\"functional\"><\/div>\n\t<\/summary>\n\t<div class=\"cmplz-service-description\">\n\t\t<h4>Utiliza\u00e7\u00e3o<\/h4>\n\t\t<p><\/p>\n\t<\/div>\n\t<div class=\"cmplz-sharing-data\">\n\t\t<h4>Partilha de dados<\/h4>\n\t\t<p>Esses dados n\u00e3o s\u00e3o partilhados com terceiros.<\/p>\n\t<\/div>\n\t<div class=\"cookies-per-purpose\">\n    <div class=\"purpose\"><h4>Funcional<\/h4><\/div>\n    <div class=\"name-header\">\n\t<h5>Nome<\/h5>\n<\/div>\n<div class=\"name\"><a target=\"_blank\" rel=\"noopener noreferrer nofollow\" href=\"https:\/\/cookiedatabase.org\/cookie\/unknown-service\/wpemojisettingssupports\/\">wpEmojiSettingsSupports<\/a><\/div>\n<div class=\"retention-header\">\n\t<h5>Vencimento<\/h5>\n<\/div>\n<div class=\"retention\">sess\u00e3o<\/div>\n<div class=\"function-header\">\n\t<h5>Fun\u00e7\u00e3o<\/h5>\n<\/div>\n<div class=\"function\">Armazenar detalhes de navegador<\/div>\n<div class=\"name-header\">\n\t<h5>Nome<\/h5>\n<\/div>\n<div class=\"name\"><a target=\"_blank\" rel=\"noopener noreferrer nofollow\" href=\"https:\/\/cookiedatabase.org\/cookie\/unknown-service\/wordpress_test_cookie\/\">wordpress_test_cookie<\/a><\/div>\n<div class=\"retention-header\">\n\t<h5>Vencimento<\/h5>\n<\/div>\n<div class=\"retention\">sess\u00e3o<\/div>\n<div class=\"function-header\">\n\t<h5>Fun\u00e7\u00e3o<\/h5>\n<\/div>\n<div class=\"function\">Verificar se cookies podem ser instalados<\/div>\n<div class=\"name-header\">\n\t<h5>Nome<\/h5>\n<\/div>\n<div class=\"name\"><a target=\"_blank\" rel=\"noopener noreferrer nofollow\" href=\"https:\/\/cookiedatabase.org\/cookie\/unknown-service\/wp-settings\/\">wp-settings-*<\/a><\/div>\n<div class=\"retention-header\">\n\t<h5>Vencimento<\/h5>\n<\/div>\n<div class=\"retention\">persistente<\/div>\n<div class=\"function-header\">\n\t<h5>Fun\u00e7\u00e3o<\/h5>\n<\/div>\n<div class=\"function\">Armazenar prefer\u00eancias de usu\u00e1rio<\/div>\n<div class=\"name-header\">\n\t<h5>Nome<\/h5>\n<\/div>\n<div class=\"name\"><a target=\"_blank\" rel=\"noopener noreferrer nofollow\" href=\"https:\/\/cookiedatabase.org\/cookie\/unknown-service\/wp-settings-time\/\">wp-settings-time-*<\/a><\/div>\n<div class=\"retention-header\">\n\t<h5>Vencimento<\/h5>\n<\/div>\n<div class=\"retention\">1 ano<\/div>\n<div class=\"function-header\">\n\t<h5>Fun\u00e7\u00e3o<\/h5>\n<\/div>\n<div class=\"function\">Armazenar prefer\u00eancias de usu\u00e1rio<\/div>\n<div class=\"name-header\">\n\t<h5>Nome<\/h5>\n<\/div>\n<div class=\"name\"><a target=\"_blank\" rel=\"noopener noreferrer nofollow\" href=\"https:\/\/cookiedatabase.org\/cookie\/unknown-service\/wordpress_logged_in_\/\">wordpress_logged_in_*<\/a><\/div>\n<div class=\"retention-header\">\n\t<h5>Vencimento<\/h5>\n<\/div>\n<div class=\"retention\">persistente<\/div>\n<div class=\"function-header\">\n\t<h5>Fun\u00e7\u00e3o<\/h5>\n<\/div>\n<div class=\"function\">Manter usu\u00e1rios logados<\/div>\n\n<\/div>\n<\/details>\n<details class=\"cmplz-dropdown cmplz-service-desc cmplz-dropdown-cookiepolicy \">\n\t<summary class=\"cmplz-service-header\"><div>\n\t\t<h3>Diversos<\/h3>\n\t\t<p>Finalidade pendente de investiga\u00e7\u00e3o<\/p>\n\t\t<label for=\"cmplz_service_diversos\" class=\"cmplz_consent_per_service_label\"><span class=\"screen-reader-text\">Consent to service diversos<\/span><\/label>\n\t\t<input type=\"checkbox\" id=\"cmplz_service_diversos\" class=\"cmplz-accept-service cmplz-hidden\" data-service=\"diversos\" data-category=\"functional\"><\/div>\n\t<\/summary>\n\t<div class=\"cmplz-service-description\">\n\t\t<h4>Utiliza\u00e7\u00e3o<\/h4>\n\t\t<p><\/p>\n\t<\/div>\n\t<div class=\"cmplz-sharing-data\">\n\t\t<h4>Partilha de dados<\/h4>\n\t\t<p>A partilha de dados est\u00e1 pendente de investiga\u00e7\u00e3o<\/p>\n\t<\/div>\n\t<div class=\"cookies-per-purpose\">\n    <div class=\"purpose\"><h4>Finalidade pendente de investiga\u00e7\u00e3o<\/h4><\/div>\n    <div class=\"name-header\">\n\t<h5>Nome<\/h5>\n<\/div>\n<div class=\"name\">cmplz_functional<\/div>\n<div class=\"retention-header\">\n\t<h5>Vencimento<\/h5>\n<\/div>\n<div class=\"retention\">365 dias<\/div>\n<div class=\"function-header\">\n\t<h5>Fun\u00e7\u00e3o<\/h5>\n<\/div>\n<div class=\"function\"><\/div>\n<div class=\"name-header\">\n\t<h5>Nome<\/h5>\n<\/div>\n<div class=\"name\">cmplz_preferences<\/div>\n<div class=\"retention-header\">\n\t<h5>Vencimento<\/h5>\n<\/div>\n<div class=\"retention\">365 dias<\/div>\n<div class=\"function-header\">\n\t<h5>Fun\u00e7\u00e3o<\/h5>\n<\/div>\n<div class=\"function\"><\/div>\n<div class=\"name-header\">\n\t<h5>Nome<\/h5>\n<\/div>\n<div class=\"name\">cmplz_marketing<\/div>\n<div class=\"retention-header\">\n\t<h5>Vencimento<\/h5>\n<\/div>\n<div class=\"retention\">365 dias<\/div>\n<div class=\"function-header\">\n\t<h5>Fun\u00e7\u00e3o<\/h5>\n<\/div>\n<div class=\"function\"><\/div>\n<div class=\"name-header\">\n\t<h5>Nome<\/h5>\n<\/div>\n<div class=\"name\">cmplz_consented_services<\/div>\n<div class=\"retention-header\">\n\t<h5>Vencimento<\/h5>\n<\/div>\n<div class=\"retention\">365 dias<\/div>\n<div class=\"function-header\">\n\t<h5>Fun\u00e7\u00e3o<\/h5>\n<\/div>\n<div class=\"function\"><\/div>\n<div class=\"name-header\">\n\t<h5>Nome<\/h5>\n<\/div>\n<div class=\"name\">e_globals<\/div>\n<div class=\"retention-header\">\n\t<h5>Vencimento<\/h5>\n<\/div>\n<div class=\"retention\"><\/div>\n<div class=\"function-header\">\n\t<h5>Fun\u00e7\u00e3o<\/h5>\n<\/div>\n<div class=\"function\"><\/div>\n<div class=\"name-header\">\n\t<h5>Nome<\/h5>\n<\/div>\n<div class=\"name\">elementor<\/div>\n<div class=\"retention-header\">\n\t<h5>Vencimento<\/h5>\n<\/div>\n<div class=\"retention\"><\/div>\n<div class=\"function-header\">\n\t<h5>Fun\u00e7\u00e3o<\/h5>\n<\/div>\n<div class=\"function\"><\/div>\n<div class=\"name-header\">\n\t<h5>Nome<\/h5>\n<\/div>\n<div class=\"name\">e_kit-elements-defaults<\/div>\n<div class=\"retention-header\">\n\t<h5>Vencimento<\/h5>\n<\/div>\n<div class=\"retention\"><\/div>\n<div class=\"function-header\">\n\t<h5>Fun\u00e7\u00e3o<\/h5>\n<\/div>\n<div class=\"function\"><\/div>\n<div class=\"name-header\">\n\t<h5>Nome<\/h5>\n<\/div>\n<div class=\"name\">_ga<\/div>\n<div class=\"retention-header\">\n\t<h5>Vencimento<\/h5>\n<\/div>\n<div class=\"retention\"><\/div>\n<div class=\"function-header\">\n\t<h5>Fun\u00e7\u00e3o<\/h5>\n<\/div>\n<div class=\"function\"><\/div>\n<div class=\"name-header\">\n\t<h5>Nome<\/h5>\n<\/div>\n<div class=\"name\">_ga_ZMPZSXK8L1<\/div>\n<div class=\"retention-header\">\n\t<h5>Vencimento<\/h5>\n<\/div>\n<div class=\"retention\"><\/div>\n<div class=\"function-header\">\n\t<h5>Fun\u00e7\u00e3o<\/h5>\n<\/div>\n<div class=\"function\"><\/div>\n\n<\/div>\n<\/details>\n<\/div><br \/>\u00a0<\/p><p>POL\u00cdTICA DE PRIVACIDADE<\/p><p>Recolha de Informa\u00e7\u00e3o<strong><br \/><\/strong>Sempre que for necess\u00e1rio a recolha de informa\u00e7\u00e3o pessoal, a utiliza\u00e7\u00e3o dessa mesma informa\u00e7\u00e3o ser\u00e1 efetuada no cumprimento dos termos da legisla\u00e7\u00e3o aplic\u00e1vel, Regulamento (UE) 2016\/679 do Parlamento Europeu e do Conselho, de 27 de abril de 2016, \u00e9 garantido ao titular dos dados o direito de acesso, retifica\u00e7\u00e3o, altera\u00e7\u00e3o, elimina\u00e7\u00e3o e portabilidade dos seus dados pessoais, mediante pedido escrito para a entidade respons\u00e1vel, remetido por correio registado para ESTRADA NACIONAL N\u00ba 18, 3A 6230-028 FUND\u00c3O ou por correio eletr\u00f3nico dirigido a comercial@hidropaisagem.pt<\/p><p>O titular dos dados pode, ainda, apresentar reclama\u00e7\u00e3o junto da CNPD ou de outra autoridade de controlo nacional.<\/p><p>Toda a informa\u00e7\u00e3o recolhida \u00e9 cedida de forma volunt\u00e1ria seja via website, formul\u00e1rios online, question\u00e1rios, promo\u00e7\u00f5es de servi\u00e7os e\/ou passatempos. A HIDROPAISAGEM, LDA recolhe dados pessoais, tais como nomes, moradas, e-mails, n\u00fameros de telefone, endere\u00e7o IP, dados demogr\u00e1ficos e sobre estilos de vida para os fins que adiante se encontram indicados. A entidade respons\u00e1vel pela recolha e tratamento dos dados pessoais \u00e9 a HIDROPAISAGEM, LDA.<\/p><p>Utiliza\u00e7\u00e3o da Informa\u00e7\u00e3o Recolhida<strong><br \/><\/strong>A HIDROPAISAGEM, LDA compromete-se a cumprir as normas de tratamento de dados pessoais em vigor em Portugal.<br \/>A informa\u00e7\u00e3o obtida poder\u00e1 ser utilizada pela HIDROPAISAGEM, LDA para enviar informa\u00e7\u00e3o sobre marketing ou a\u00e7\u00f5es comerciais desenvolvidas para o efeito.<br \/>Os dados recolhidos destinam-se exclusivamente a uso da HIDROPAISAGEM, LDA por forma a dar seguimento aos pedidos efetuados atrav\u00e9s desta p\u00e1gina web, sendo garantida a privacidade e prote\u00e7\u00e3o dos dados dos utilizadores.<br \/>A HIDROPAISAGEM, LDA pode ceder a informa\u00e7\u00e3o pessoal do utilizador a outras empresas, quando necessitar de o fazer para lhe fornecer um produto ou servi\u00e7o, sendo garantido que apenas \u00e9 partilhada a informa\u00e7\u00e3o m\u00ednima necess\u00e1ria para a satisfa\u00e7\u00e3o do pedido.<\/p><p>Direito de Aceso, Retifica\u00e7\u00e3o, Cancelamento e Oposi\u00e7\u00e3o<strong><br \/><\/strong>Em conformidade com o Regulamento (UE) 2016\/679 do Parlamento Europeu e do Conselho, de 27 de abril de 2016, qualquer pessoa pode solicitar o acesso aos respetivos dados pessoais, podendo tomar conhecimento do seu teor, bem como, exigir a sua retifica\u00e7\u00e3o, atualiza\u00e7\u00e3o ou solicitar a sua destrui\u00e7\u00e3o, por pedido escrito dirigido ao Gerador para o endere\u00e7o de email: comercial@hidropaisagem.pt<\/p><p><strong>Conserva\u00e7\u00e3o dos Dados<\/strong><\/p><p>Os dados pessoais ser\u00e3o conservados durante o per\u00edodo necess\u00e1rio para cumprir as finalidades referidas ou enquanto existirem obriga\u00e7\u00f5es legais a que estejamos sujeitos. Para dados de fatura\u00e7\u00e3o, manteremos a informa\u00e7\u00e3o por um per\u00edodo m\u00ednimo de 10 anos, conforme previsto na legisla\u00e7\u00e3o fiscal.<\/p><p><strong>\u00a0<\/strong><\/p><p>Seguran\u00e7a e Prote\u00e7\u00e3o de Dados<strong><br \/><\/strong>A HIDROPAISAGEM, LDA compromete-se a adotar as medidas de seguran\u00e7a necess\u00e1rias para garantir a salvaguarda dos dados pessoais dos utilizadores contra a sua eventual utiliza\u00e7\u00e3o abusiva ou contra o acesso n\u00e3o autorizado.<br \/>N\u00e3o obstante e, n\u00e3o sendo a internet um meio de comunica\u00e7\u00e3o 100% seguro, a HIDROPAISAGEM, LDA n\u00e3o poder\u00e1 garantir a seguran\u00e7a de qualquer informa\u00e7\u00e3o que divulgue online, nem se responsabilizar por perdas ou danos causados ao utilizador como consequ\u00eancia da perda de confidencialidade da informa\u00e7\u00e3o.<\/p><p>Responsabilidade<strong><br \/><\/strong>Nesta p\u00e1gina web os utilizadores poder\u00e3o encontrar links que o reencaminham para outras p\u00e1ginas web fora do dom\u00ednio dos servidores da HIDROPAISAGEM, LDA que poder\u00e3o eles pr\u00f3prios recolher dados ou solicitar informa\u00e7\u00e3o pessoal. A presente Pol\u00edtica de Privacidade n\u00e3o se aplica a sites terceiros, pelo que, dever\u00e1 ler a Pol\u00edtica de Privacidade dos sites terceiros que visitar, sendo que n\u00e3o nos responsabilizamos pelo conte\u00fado e informa\u00e7\u00e3o presente nesses mesmos sites.<\/p><p>Concord\u00e2ncia da Pol\u00edtica de Privacidade<strong><br \/><\/strong>Entende-se que o utilizador aceita as condi\u00e7\u00f5es desta pol\u00edtica de privacidade ao introduzir os seus dados. O preenchimento dos formul\u00e1rios sup\u00f5e o consentimento por parte do utilizador do tratamento automatizado e utiliza\u00e7\u00e3o dos dados de acordo com as condi\u00e7\u00f5es de privacidade descritas neste documento.<\/p><p>Altera\u00e7\u00f5es \u00e0 Pol\u00edtica de Privacidade<strong><br \/><\/strong>A HIDROPAISAGEM, LDA reserva-se ao direito de, a qualquer momento, atualizar ou rever a presente Pol\u00edtica de Privacidade a fim de a ajustar a eventuais altera\u00e7\u00f5es legislativas e\/ou outros condicionalismos. Qualquer altera\u00e7\u00e3o efetuada ser\u00e1 publicada neste espa\u00e7o, pelo que o utilizador dever\u00e1 visitar frequentemente esta \u00e1rea no sentido de se manter informado sobre a Pol\u00edtica de Privacidade em vigor.<\/p><p>FUND\u00c3O, 5 DE DEZEMBRO DE 2024<\/p>\t\t\t\t\t\t\t\t<\/div>\n\t\t\t\t<\/div>\n\t\t\t\t\t<\/div>\n\t\t\t\t<\/div>\n\t\t\t\t<\/div>\n\t\t","protected":false},"excerpt":{"rendered":"<p>Por favor leia com aten\u00e7\u00e3o a nossa Pol\u00edtica de Cookies e Politica de Privacidade.Caso n\u00e3o concorde com a mesma n\u00e3o dever\u00e1 usar o presente Website. A presente Pol\u00edtica de Cookies e Pol\u00edtica de Privacidade enuncia as formas de recolha e utiliza\u00e7\u00e3o dos dados pessoais, assim como as medidas de salvaguarda e seguran\u00e7a adotadas no tratamento [&hellip;]<\/p>\n","protected":false},"author":1,"featured_media":0,"parent":0,"menu_order":0,"comment_status":"closed","ping_status":"closed","template":"","meta":{"footnotes":""},"class_list":["post-157","page","type-page","status-publish","hentry"],"yoast_head":"<!-- This site is optimized with the Yoast SEO plugin v24.1 - https:\/\/yoast.com\/wordpress\/plugins\/seo\/ -->\n<title>Pol\u00edtica de Privacidade - Hidropaisagem<\/title>\n<meta name=\"robots\" content=\"index, follow, max-snippet:-1, max-image-preview:large, max-video-preview:-1\" \/>\n<link rel=\"canonical\" href=\"https:\/\/www.hidropaisagem.pt\/hidropaisagem\/politica-de-privacidade\/\" \/>\n<meta property=\"og:locale\" content=\"pt_PT\" \/>\n<meta property=\"og:type\" content=\"article\" \/>\n<meta property=\"og:title\" content=\"Pol\u00edtica de Privacidade - Hidropaisagem\" \/>\n<meta property=\"og:description\" content=\"Por favor leia com aten\u00e7\u00e3o a nossa Pol\u00edtica de Cookies e Politica de Privacidade.Caso n\u00e3o concorde com a mesma n\u00e3o dever\u00e1 usar o presente Website. A presente Pol\u00edtica de Cookies e Pol\u00edtica de Privacidade enuncia as formas de recolha e utiliza\u00e7\u00e3o dos dados pessoais, assim como as medidas de salvaguarda e seguran\u00e7a adotadas no tratamento [&hellip;]\" \/>\n<meta property=\"og:url\" content=\"https:\/\/www.hidropaisagem.pt\/hidropaisagem\/politica-de-privacidade\/\" \/>\n<meta property=\"og:site_name\" content=\"Hidropaisagem\" \/>\n<meta property=\"article:modified_time\" content=\"2025-02-07T10:16:02+00:00\" \/>\n<meta name=\"twitter:card\" content=\"summary_large_image\" \/>\n<meta name=\"twitter:label1\" content=\"Tempo estimado de leitura\" \/>\n\t<meta name=\"twitter:data1\" content=\"6 minutos\" \/>\n<script type=\"application\/ld+json\" class=\"yoast-schema-graph\">{\"@context\":\"https:\/\/schema.org\",\"@graph\":[{\"@type\":\"WebPage\",\"@id\":\"https:\/\/www.hidropaisagem.pt\/hidropaisagem\/politica-de-privacidade\/\",\"url\":\"https:\/\/www.hidropaisagem.pt\/hidropaisagem\/politica-de-privacidade\/\",\"name\":\"Pol\u00edtica de Privacidade - Hidropaisagem\",\"isPartOf\":{\"@id\":\"https:\/\/www.hidropaisagem.pt\/hidropaisagem\/#website\"},\"datePublished\":\"2024-12-19T17:34:35+00:00\",\"dateModified\":\"2025-02-07T10:16:02+00:00\",\"breadcrumb\":{\"@id\":\"https:\/\/www.hidropaisagem.pt\/hidropaisagem\/politica-de-privacidade\/#breadcrumb\"},\"inLanguage\":\"pt-PT\",\"potentialAction\":[{\"@type\":\"ReadAction\",\"target\":[\"https:\/\/www.hidropaisagem.pt\/hidropaisagem\/politica-de-privacidade\/\"]}]},{\"@type\":\"BreadcrumbList\",\"@id\":\"https:\/\/www.hidropaisagem.pt\/hidropaisagem\/politica-de-privacidade\/#breadcrumb\",\"itemListElement\":[{\"@type\":\"ListItem\",\"position\":1,\"name\":\"In\u00edcio\",\"item\":\"https:\/\/www.hidropaisagem.pt\/hidropaisagem\/\"},{\"@type\":\"ListItem\",\"position\":2,\"name\":\"Pol\u00edtica de Privacidade\"}]},{\"@type\":\"WebSite\",\"@id\":\"https:\/\/www.hidropaisagem.pt\/hidropaisagem\/#website\",\"url\":\"https:\/\/www.hidropaisagem.pt\/hidropaisagem\/\",\"name\":\"Hidropaisagem\",\"description\":\"\",\"potentialAction\":[{\"@type\":\"SearchAction\",\"target\":{\"@type\":\"EntryPoint\",\"urlTemplate\":\"https:\/\/www.hidropaisagem.pt\/hidropaisagem\/?s={search_term_string}\"},\"query-input\":{\"@type\":\"PropertyValueSpecification\",\"valueRequired\":true,\"valueName\":\"search_term_string\"}}],\"inLanguage\":\"pt-PT\"}]}<\/script>\n<!-- \/ Yoast SEO plugin. -->","yoast_head_json":{"title":"Pol\u00edtica de Privacidade - Hidropaisagem","robots":{"index":"index","follow":"follow","max-snippet":"max-snippet:-1","max-image-preview":"max-image-preview:large","max-video-preview":"max-video-preview:-1"},"canonical":"https:\/\/www.hidropaisagem.pt\/hidropaisagem\/politica-de-privacidade\/","og_locale":"pt_PT","og_type":"article","og_title":"Pol\u00edtica de Privacidade - Hidropaisagem","og_description":"Por favor leia com aten\u00e7\u00e3o a nossa Pol\u00edtica de Cookies e Politica de Privacidade.Caso n\u00e3o concorde com a mesma n\u00e3o dever\u00e1 usar o presente Website. A presente Pol\u00edtica de Cookies e Pol\u00edtica de Privacidade enuncia as formas de recolha e utiliza\u00e7\u00e3o dos dados pessoais, assim como as medidas de salvaguarda e seguran\u00e7a adotadas no tratamento [&hellip;]","og_url":"https:\/\/www.hidropaisagem.pt\/hidropaisagem\/politica-de-privacidade\/","og_site_name":"Hidropaisagem","article_modified_time":"2025-02-07T10:16:02+00:00","twitter_card":"summary_large_image","twitter_misc":{"Tempo estimado de leitura":"6 minutos"},"schema":{"@context":"https:\/\/schema.org","@graph":[{"@type":"WebPage","@id":"https:\/\/www.hidropaisagem.pt\/hidropaisagem\/politica-de-privacidade\/","url":"https:\/\/www.hidropaisagem.pt\/hidropaisagem\/politica-de-privacidade\/","name":"Pol\u00edtica de Privacidade - Hidropaisagem","isPartOf":{"@id":"https:\/\/www.hidropaisagem.pt\/hidropaisagem\/#website"},"datePublished":"2024-12-19T17:34:35+00:00","dateModified":"2025-02-07T10:16:02+00:00","breadcrumb":{"@id":"https:\/\/www.hidropaisagem.pt\/hidropaisagem\/politica-de-privacidade\/#breadcrumb"},"inLanguage":"pt-PT","potentialAction":[{"@type":"ReadAction","target":["https:\/\/www.hidropaisagem.pt\/hidropaisagem\/politica-de-privacidade\/"]}]},{"@type":"BreadcrumbList","@id":"https:\/\/www.hidropaisagem.pt\/hidropaisagem\/politica-de-privacidade\/#breadcrumb","itemListElement":[{"@type":"ListItem","position":1,"name":"In\u00edcio","item":"https:\/\/www.hidropaisagem.pt\/hidropaisagem\/"},{"@type":"ListItem","position":2,"name":"Pol\u00edtica de Privacidade"}]},{"@type":"WebSite","@id":"https:\/\/www.hidropaisagem.pt\/hidropaisagem\/#website","url":"https:\/\/www.hidropaisagem.pt\/hidropaisagem\/","name":"Hidropaisagem","description":"","potentialAction":[{"@type":"SearchAction","target":{"@type":"EntryPoint","urlTemplate":"https:\/\/www.hidropaisagem.pt\/hidropaisagem\/?s={search_term_string}"},"query-input":{"@type":"PropertyValueSpecification","valueRequired":true,"valueName":"search_term_string"}}],"inLanguage":"pt-PT"}]}},"_links":{"self":[{"href":"https:\/\/www.hidropaisagem.pt\/hidropaisagem\/wp-json\/wp\/v2\/pages\/157","targetHints":{"allow":["GET"]}}],"collection":[{"href":"https:\/\/www.hidropaisagem.pt\/hidropaisagem\/wp-json\/wp\/v2\/pages"}],"about":[{"href":"https:\/\/www.hidropaisagem.pt\/hidropaisagem\/wp-json\/wp\/v2\/types\/page"}],"author":[{"embeddable":true,"href":"https:\/\/www.hidropaisagem.pt\/hidropaisagem\/wp-json\/wp\/v2\/users\/1"}],"replies":[{"embeddable":true,"href":"https:\/\/www.hidropaisagem.pt\/hidropaisagem\/wp-json\/wp\/v2\/comments?post=157"}],"version-history":[{"count":7,"href":"https:\/\/www.hidropaisagem.pt\/hidropaisagem\/wp-json\/wp\/v2\/pages\/157\/revisions"}],"predecessor-version":[{"id":465,"href":"https:\/\/www.hidropaisagem.pt\/hidropaisagem\/wp-json\/wp\/v2\/pages\/157\/revisions\/465"}],"wp:attachment":[{"href":"https:\/\/www.hidropaisagem.pt\/hidropaisagem\/wp-json\/wp\/v2\/media?parent=157"}],"curies":[{"name":"wp","href":"https:\/\/api.w.org\/{rel}","templated":true}]}}